-w, 0 = -2*u + 5*w + 232 + 105. What is the remainder when 535 is divided by u?
67
Let o = 63 - 33. Suppose -3*g + 111 - o = 0. Suppose 30*l - 564 = g*l. Calculate the remainder when l is divided by 19.
17
Let n(d) = d**2 - 7*d + 15. Let i be n(3). Suppose i*x = 4*z - 192, z - x + 3*x = 37. Calculate the remainder when z is divided by 31.
14
Let z(a) = 93*a**2 - 41*a - 88. Calculate the remainder when 1102 is divided by z(-2).
4
Let w = 4427 + -4250. Calculate the remainder when w is divided by 14.
9
Let h = -857 - -962. Suppose -3*i = f - h, 35*f - 30*f = 2*i - 87. What is the remainder when 167 is divided by i?
23
Let j(y) = -3*y**3 + 26*y**2 - 16*y + 4. Let a be j(8). Suppose -a*o - 5*v + 421 = 0, -4*v + 25 = v. What is the remainder when o is divided by 50?
49
Let d = 776 + -762. What is the remainder when (3561/(-5))/(-3) + (-6)/15 is divided by d?
13
Let c = 2787 - 2762. What is the remainder when 1031 is divided by c?
6
Suppose -7 + 4 = -y. Suppose 2*o + y*o = n + 15, 3*o - 12 = 0. Suppose 76 = 6*w - 20. Calculate the remainder when w is divided by n.
1
Let n(i) = -26*i + 49 - 35*i - 159 - 54 + i. Suppose -2*d + 4*p + p = -77, 25 = -5*p. What is the remainder when d is divided by n(-3)?
10
Suppose -12 = -a - 4*u, 5*u = 3*a - 5*a + 39. Suppose 5*d + 4550 = 4*c + 1404, 3*c - 5*d = 2347. Calculate the remainder when c is divided by a.
31
Let y(a) = -a - 1. Let x(j) = 2*j + 4. Let s(g) = x(g) + 6*y(g). What is the remainder when s(-8) is divided by 4?
2
Let s(a) = a**2 - 13*a + 31. Let x be s(9). What is the remainder when 269 is divided by (-12)/(-18)*-10*12/x?
13
Let c = 228 + -400. Let l = c + 187. What is the remainder when l is divided by 12?
3
Let u(m) = -m**3 + 4*m**2 + 3*m + 48. Let g(c) = c**3 - 4*c**2 - 3*c - 45. Let j(p) = 3*g(p) + 2*u(p). Calculate the remainder when j(6) is divided by 1.
0
Let t = -5709 + 5897. What is the remainder when 1492 is divided by t?
176
Let u(i) = -4*i**2 - 42*i. What is the remainder when 858 is divided by u(-10)?
18
Let c(w) = -33*w**2 + 962*w - 70. What is the remainder when 261 is divided by c(29)?
36
Let f be ((-2)/3)/((-19)/(-57)). Let t(k) = 5*k**2 + 2*k + 2. Let i(z) = 7*z + 3. What is the remainder when i(4) is divided by t(f)?
13
Suppose -398*b + 1435 = -391*b. Calculate the remainder when b is divided by 49.
9
Calculate the remainder when (-108)/486 + (-17144)/(-36) is divided by 59.
4
Let x be (47 - 49) + 0 + 182. Suppose 11*m - x - 73 = 0. Suppose -28 - 12 = -5*s. Calculate the remainder when m is divided by s.
7
Let q(c) = 4*c**2 + 3*c + 3. Let l = -964 - -663. Let o = l - -538. What is the remainder when o is divided by q(3)?
45
Suppose 4*x + y + 2*y = 1141, -x = -2*y - 277. Let m = -269 + x. Calculate the remainder when 25 is divided by m.
11
Let z be (2 + (-8 - -2))*-4. Suppose 2*q - z = 2*a, 2*q - 1 - 25 = 4*a. Suppose q*w - 16 = 89. Calculate the remainder when 67 is divided by w.
32
Suppose 10*c - 7*c + 18 = 0. What is the remainder when 28457/117 + c/81*3 is divided by 85?
73
What is the remainder when 579 is divided by 58*(6/4 - 1)?
28
Let t be (-1 + 33/9)/((-4)/(-6)). Let x be 2 + -4 - -78 - t. Suppose -2*c - x = -8*c. What is the remainder when 58 is divided by c?
10
Let p = 14674 + -14645. Calculate the remainder when 2636 is divided by p.
26
Let h be 1/2 + (-38793)/134. Let o = 323 + h. Calculate the remainder when o is divided by ((-72)/10)/4*-5.
7
Suppose 4*f - 9*z = -5*z + 60, 3*z - 35 = -f. Suppose -105 + 30 = -h. What is the remainder when h is divided by f?
15
Let u be (-111)/(14/91 - 20/52). Let i = u - 377. What is the remainder when i is divided by 59?
45
Let j(a) = 4*a**3 - 1. Let z be j(1). Let t(r) = r**3 - 8*r**2 + 13*r + 17. Let u be t(6). What is the remainder when 150 is divided by u + -4 - (z + (0 - 1))?
14
Let b be 4 - 5*1/5. Suppose 15 = -3*d, -d - 230 = -b*u - 6*d. Calculate the remainder when u is divided by 10.
5
Let y be -77*(12/30 - 13/(-5)). Let i = y + 250. What is the remainder when 73 is divided by i?
16
Let d(x) = -x**3 + 7*x**2 - 3*x + 3. Suppose -20*q = -32*q + 72. Calculate the remainder when 230 is divided by d(q).
20
Suppose -14*h + 38*h = 10827 + 4773. Calculate the remainder when h is divided by 221.
208
Let s(w) = -w**3 + 28*w**2 + 91*w + 75. What is the remainder when -5*(-2 - 108/10) is divided by s(31)?
12
Calculate the remainder when ((-32)/(-8))/(72/90)*31574/10 is divided by 5259.
10
Let l(t) = 87*t**2 - 13*t + 23. Let j be l(2). What is the remainder when 65 is divided by (-2)/((12/j)/(4/(-10)))?
19
Let k be 10/14 + 2 - (-52)/182. Suppose -m + 6*m = -4*d + 4, -m = k*d - 14. What is the remainder when 16 is divided by d?
4
Suppose -3*q - 4*x = -1, 0*q + q = -5*x - 7. Let p(n) = -8*n + 85. Let m(l) = -1. Let f(k) = -6*m(k) + p(k). Calculate the remainder when q is divided by f(11).
0
Let i(h) = -h**3 + 24*h**2 + 2*h - 24. Let l be i(24). What is the remainder when 154 is divided by 20 + 1*l/(-6)?
10
Suppose 8*n + 25 = -15. Suppose 10*w + 192 = 16*w. Calculate the remainder when 14/n*((-2)/1 - 43) is divided by w.
30
What is the remainder when -93 - -95 - (1 + (-2406)/3) is divided by 395?
13
Let i be (-47)/(-2) - 83/(-166). Suppose -i*t + 120 = -18*t. What is the remainder when 215 is divided by t?
15
Suppose -2*b + 4*z = -78, -4*b + 5*z + 0*z + 162 = 0. What is the remainder when b is divided by 11?
10
Let x = 177 - 103. Let r(y) = y**3 - 4*y**2 - 12*y + 26. What is the remainder when x is divided by r(6)?
22
Suppose -172*o + 100 = -147*o. Calculate the remainder when 181 is divided by o.
1
Suppose 0 = -5*l + 8 + 127. Let y = -8 + l. Calculate the remainder when y is divided by 4.
3
Suppose z - 4*n = -4*z - 6, 2*z = -n + 8. Suppose -25 = r - 4*u - 69, -r + z*u = -38. Calculate the remainder when 286 is divided by r.
30
Suppose -2 = -2*v, -3*l - 15*v + 371 = -19*v. Calculate the remainder when -6 + (-22)/(-2) + l is divided by 67.
63
Let d(v) = v**3 - 8*v**2 - 3*v + 35. Suppose 12 = -2*h + 28. Let m(x) = 3*x + 1. Calculate the remainder when d(h) is divided by m(2).
4
Let o = -9548 - -10365. What is the remainder when o is divided by 110?
47
Suppose 0 = -24*p + 32*p - 120. Let d = -50 - -102. Let x = p + d. What is the remainder when x is divided by 17?
16
Suppose 2*l - 87 = -0*l + p, 4*l = -5*p + 153. Let m = 1012 + -804. What is the remainder when m is divided by l?
40
Suppose -18*u = -19*u + 2438 + 1351. Calculate the remainder when u is divided by 131.
121
Let z(g) = 3*g**2 - 16*g - 6. Let s(t) = t**2 + 10*t - 14. Let i be s(-11). Calculate the remainder when (35/2 - i)*2 is divided by z(6).
5
Let b = 34 + -25. Suppose -24 = -5*x - b. Suppose 0*w - 18 = -w - x*v, -3*w = -3*v - 18. Calculate the remainder when w is divided by 2.
1
Let a = -7058 - -7111. Suppose -2*f - s + 36 = 0, -4*f + 2*s + 76 = 5*s. What is the remainder when a is divided by f?
5
Suppose -4592 = -35*p + 27*p. Let x = -558 + p. What is the remainder when 40 is divided by x?
8
Let n(i) = -587*i**2 - 2352*i - 5. What is the remainder when 27 - 2 - (-4 - -3) is divided by n(-4)?
4
What is the remainder when 1217 is divided by 14935/58 - 16 - ((-1)/2 + 1)?
12
Let o be (160/(-112))/((-4)/14). Suppose 7 = -10*f + 8*f - o*k, -k = -5*f + 50. Calculate the remainder when 86 is divided by f.
5
Suppose 3*b + 1406 = 4*a, -710 = 3*a + 2*b - 1790. Calculate the remainder when a is divided by 19.
14
Let t = 75 + -51. Let j(q) = q**3 - 2*q**2 - 22*q - 9. Let c be j(-10). Let d = c - -997. Calculate the remainder when t is divided by d.
0
Let n be 3/2*(-2)/3. Let g(p) = -14*p + 18. Calculate the remainder when -1*(n - -2)*-4 is divided by g(1).
0
Suppose -4*v = -8*v + 7*v - 1824. What is the remainder when v is divided by 304?
0
Suppose a + 2*a - 9 = 0. Let z(l) = l**2 + 226*l - 668. Calculate the remainder when z(3) is divided by a.
1
Let s(g) = 24*g**2 + 4*g - 3. Suppose 23*w = -36*w + 4484. Calculate the remainder when s(3) is divided by w.
73
Let t(w) = 33*w**2 + w + 1. Suppose -1 = -2*j + 3. Let i be t(j). Let d = i - 23. What is the remainder when d is divided by 38?
36
Suppose 152*r - 56693 + 21908 = 17477 + 71466. What is the remainder when r is divided by (3/(-4))/(1/(-64))?
46
Let z(t) = -1394*t - 9748. Calculate the remainder when 246 is divided by z(-7).
6
Let w 